
What is the units digit of 68740?
0
What is the ten thousands digit of 12228?
1
What is the hundreds digit of 4152?
1
What is the ten thousands digit of 156190?
5
What is the tens digit of 1810?
1
What is the hundreds digit of 3188?
1
What is the thousands digit of 2056?
2
What is the hundreds digit of 1868?
8
What is the tens digit of 552?
5
What is the hundreds digit of 103505?
5
What is the thousands digit of 1716?
1
What is the thousands digit of 1520?
1
What is the tens digit of 3630?
3
What is the units digit of 1829?
9
What is the tens digit of 1896?
9
What is the hundreds digit of 4264?
2
What is the hundreds digit of 5775?
7
What is the tens digit of 56?
5
What is the thousands digit of 44562?
4
What is the hundreds digit of 2655?
6
What is the tens digit of 184?
8
What is the hundreds digit of 3121?
1
What is the tens digit of 70487?
8
What is the tens digit of 1121?
2
What is the hundreds digit of 10625?
6
What is the units digit of 44?
4
What is the thousands digit of 1730?
1
What is the hundreds digit of 1647?
6
What is the units digit of 118522?
2
What is the tens digit of 124824?
2
What is the units digit of 502?
2
What is the units digit of 227?
7
What is the units digit of 1287?
7
What is the units digit of 4505?
5
What is the tens digit of 2861?
6
What is the tens digit of 17803?
0
What is the tens digit of 82471?
7
What is the tens digit of 1510?
1
What is the tens digit of 1092?
9
What is the tens digit of 3341?
4
What is the thousands digit of 3772?
3
What is the hundreds digit of 2212?
2
What is the tens digit of 56239?
3
What is the units digit of 686?
6
What is the thousands digit of 2267?
2
What is the tens digit of 1708?
0
What is the ten thousands digit of 34678?
3
What is the thousands digit of 1737?
1
What is the hundreds digit of 4257?
2
What is the thousands digit of 7527?
7
What is the ten thousands digit of 25377?
2
What is the thousands digit of 8609?
8
What is the thousands digit of 24438?
4
What is the hundreds digit of 9391?
3
What is the tens digit of 65751?
5
What is the hundreds digit of 2560?
5
What is the thousands digit of 3822?
3
What is the units digit of 19101?
1
What is the thousands digit of 18475?
8
What is the tens digit of 859?
5
What is the units digit of 4743?
3
What is the hundreds digit of 43705?
7
What is the units digit of 960?
0
What is the tens digit of 21071?
7
What is the hundreds digit of 303?
3
What is the thousands digit of 3027?
3
What is the hundreds digit of 7662?
6
What is the hundreds digit of 2344?
3
What is the thousands digit of 1423?
1
What is the tens digit of 2093?
9
What is the units digit of 30475?
5
What is the hundreds digit of 4062?
0
What is the ten thousands digit of 13497?
1
What is the thousands digit of 1260?
1
What is the units digit of 151508?
8
What is the units digit of 53773?
3
What is the thousands digit of 76420?
6
What is the hundreds digit of 49064?
0
What is the tens digit of 533?
3
What is the thousands digit of 33012?
3
What is the hundreds digit of 1175?
1
What is the tens digit of 22337?
3
What is the tens digit of 1343?
4
What is the units digit of 637?
7
What is the thousands digit of 1673?
1
What is the thousands digit of 1652?
1
What is the tens digit of 8625?
2
What is the tens digit of 9440?
4
What is the thousands digit of 1509?
1
What is the tens digit of 1996?
9
What is the tens digit of 14056?
5
What is the hundreds digit of 1659?
6
What is the ten thousands digit of 28181?
2
What is the hundreds digit of 17754?
7
What is the units digit of 8769?
9
What is the thousands digit of 1825?
1
What is the tens digit of 65568?
6
What is the units digit of 1717?
7
What is the units digit of 14018?
8
What is the units digit of 935?
5
What is the hundred thousands digit of 113442?
1
What is the tens digit of 9214?
1
What is the hundreds digit of 404?
4
What is the tens digit of 10455?
5
What is the thousands digit of 3008?
3
What is the units digit of 10415?
5
What is the thousands digit of 30705?
0
What is the hundreds digit of 35290?
2
What is the hundreds digit of 28730?
7
What is the tens digit of 5185?
8
What is the units digit of 1751?
1
What is the hundreds digit of 1693?
6
What is the hundreds digit of 34462?
4
What is the tens digit of 3456?
5
What is the thousands digit of 18816?
8
What is the thousands digit of 2557?
2
What is the thousands digit of 1643?
1
What is the units digit of 18144?
4
What is the tens digit of 31301?
0
What is the tens digit of 27932?
3
What is the hundreds digit of 95590?
5
What is the thousands digit of 9817?
9
What is the hundreds digit of 9121?
1
What is the tens digit of 5838?
3
What is the hundreds digit of 704?
7
What is the units digit of 5130?
0
What is the tens digit of 157?
5
What is the units digit of 2262?
2
What is the units digit of 586?
6
What is the ten thousands digit of 58722?
5
What is the thousands digit of 2043?
2
What is the thousands digit of 6113?
6
What is the thousands digit of 15617?
5
What is the tens digit of 2372?
7
What is the tens digit of 3376?
7
What is the thousands digit of 3194?
3
What is the hundreds digit of 995?
9
What is the hundreds digit of 4417?
4
What is the units digit of 898?
8
What is the tens digit of 869?
6
What is the hundreds digit of 6843?
8
What is the hundreds digit of 943?
9
What is the hundreds digit of 941?
9
What is the thousands digit of 4357?
4
What is the units digit of 69627?
7
What is the thousands digit of 25514?
5
What is the hundreds digit of 1802?
8
What is the hundreds digit of 14028?
0
What is the hundreds digit of 260?
2
What is the hundreds digit of 2041?
0
What is the units digit of 10598?
8
What is the ten thousands digit of 24078?
2
What is the thousands digit of 19759?
9
What is the thousands digit of 1903?
1
What is the ten thousands digit of 37892?
3
What is the hundreds digit of 36248?
2
What is the hundreds digit of 727?
7
What is the ten thousands digit of 62032?
6
What is the units digit of 40?
0
What is the tens digit of 675?
7
What is the units digit of 96?
6
What is the units digit of 6478?
8
What is the units digit of 241?
1
What is the thousands digit of 47823?
7
What is the tens digit of 58157?
5
What is the units digit of 924?
4
What is the tens digit of 3439?
3
What is the tens digit of 2090?
9
What is the units digit of 623?
3
What is the ten thousands digit of 139696?
3
What is the tens digit of 654?
5
What is the units digit of 2584?
4
What is the thousands digit of 1842?
1
What is the tens digit of 27560?
6
What is the tens digit of 2002?
0
What is the hundreds digit of 3004?
0
What is the units digit of 3725?
5
What is the hundreds digit of 733?
7
What is the thousands digit of 1445?
1
What is the ten thousands digit of 10509?
1
What is the tens digit of 5309?
0
What is the units digit of 260?
0
What is the tens digit of 7725?
2
What is the tens digit of 11422?
2
What is the hundreds digit of 1128?
1
What is the thousands digit of 114325?
4
What is the thousands digit of 4337?
4
What is the units digit of 55262?
2
What is the thousands digit of 12592?
2
What is the units digit of 2711?
1
What is the units digit of 61714?
4
What is the units digit of 49?
9
What is the tens digit of 461?
6
What is the hundreds digit of 269?
2
What is the hundreds digit of 934?
9
What is the units digit of 194294?
4
What is the hundreds digit of 394?
3
What is the tens digit of 187?
8
What is the tens digit of 136?
3
What is the hundreds digit of 27543?
5
What is the units digit of 14716?
6
What is the hundreds digit of 84552?
5
What is the tens digit of 757?
5
What is the tens digit of 1677?
7
What is the tens digit of 6954?
5
What is the hundreds digit of 13554?
5
What is the units digit of 136?
6
What is the hundreds digit of 61971?
9
What is the thousands digit of 8881?
8
What is the thousands digit of 1544?
1
What is the hundreds digit of 3210?
2
What is the tens digit of 3541?
4
What is the hundreds digit of 1953?
9
What is the tens digit of 15642?
4
What is the hundreds digit of 18831?
8
What is the hundreds digit of 1890?
8
What is the units digit of 78429?
9
What is the hundreds digit of 8000?
0
What is the tens digit of 2542?
4
What is the tens digit of 8733?
3
What is the tens digit of 1155?
5
What is the thousands digit